 p(1). Let w(d) = 2 - j*d + 1 + 0 - 1 - d**g. What is w(-6)?
2
Let o(u) be the first derivative of -u**4/4 - 2*u**3 - 2*u**2 + 137. Determine o(-3).
-15
Let c(y) = -3*y. Let k(p) = p**2 - 23*p - 29. Let j be k(23). Let t = j + 31. Determine c(t).
-6
Suppose -y = y - 5*u + 19, -5*y = 4*u + 31. Let b(t) = -t**2 - 12*t. Let f be b(y). Let c(w) = 8*w + 9*w - f*w + 11*w. What is c(-1)?
7
Let m(p) = 2*p - 156 - p**3 + 6*p**2 - 160 + 2*p**3 + 321. What is m(-4)?
29
Let u(o) be the second derivative of o**5/20 - 5*o**4/12 + 5*o**3/6 - 5*o**2/2 - o - 21. What is u(4)?
-1
Suppose 0 = l + 2*l - 36. Suppose 5*o - l = 3. Let r(a) = 3 + 2*a - o - 2 + 1. Determine r(-1).
-3
Let h be (-11)/((12/18)/(2/3)). Let g(z) = 3*z**2 - z + 3. Let k(w) = -16*w**2 + 6*w - 16. Let x(t) = h*g(t) - 2*k(t). Give x(0).
-1
Let x(w) = w**3 - w. Let j(h) = -h + 4. Let y(c) = -2*c + 5. Let g(t) = -3*j(t) + 2*y(t). Let i be g(-3). Determine x(i).
0
Let z(x) = x + 6. Let g be z(0). Let v(s) = -2*s + 0*s + 0 + g. Suppose -r = -3*u - 21, 2*r + 5*u - 4*u - 7 = 0. Determine v(r).
-6
Let i be (-46)/((-3)/3*1). Let j(h) = 50*h**2 + 1 + 3*h**3 + h - 2*h**3 - i*h**2. Suppose m + 8 = -2*l, m = -l + 6*l + 13. Determine j(m).
7
Suppose -2*b = -16 + 96. Let w = b - -44. Let t(n) = -2*n**2 + 4*n + 1. Calculate t(w).
-15
Let y be 66/(-8) - (-3)/12. Let g(x) = -x**3 - 7*x**2 + 7*x - 5. Let m(i) = 2*i**3 + 14*i**2 - 14*i + 12. Let d(u) = 5*g(u) + 2*m(u). Calculate d(y).
7
Let s(y) = -7*y - 31. Let o(i) = 2*i + 8. Let u(l) = -22*o(l) - 6*s(l). What is u(7)?
-4
Let v(i) = i + 5. Suppose 5*g - 3*a + 8*a - 35 = 0, 24 = 2*g + 4*a. Suppose g*m = -3*p - 29, -2*m + 8 = -5*p - 35. Let q be (p + 6)*5/3. What is v(q)?
0
Suppose -14 = t - 5*a, -4*a + 6 = -5*t - 1. Let l(q) = -8*q**3 + q**2 + q. Determine l(t).
-6
Let h = -6 + 3. Let x(c) be the first derivative of c**3/3 + 3*c**2/2 + 4*c + 221. Calculate x(h).
4
Let i(j) = -19*j**2 + 2*j - 3 + j**3 + 8*j**2 + 10*j**2. Calculate i(2).
5
Let d(r) = -11*r**2 - 60*r - 29. Let q(o) = -5*o**2 - 28*o - 14. Let u(w) = -6*d(w) + 13*q(w). Calculate u(8).
24
Let d(v) = -2*v**2 + v - 1. Let i(x) = -2*x**2 - 36*x - 33. Let m be i(-17). Calculate d(m).
-2
Suppose 0 = -0*l - 2*l - 12. Let k(o) = -o**3 - 2*o**2 - 2*o - 7. Let d be k(-3). Let s(w) = -13 + w**3 + 7*w**2 + d + 4*w - 1. Give s(l).
6
Let t(u) = -234*u + 117*u - 5 + 6 + 112*u + 6 + u**3 - 4*u**2. Give t(5).
7
Let k(a) = -25*a + 27. Let l(c) = -7*c + 9. Let i(j) = -2*k(j) + 7*l(j). Calculate i(-17).
-8
Suppose 2*f - 4*p + 6 = 0, f - p - 63 = -62. Let h(v) = v**2 - 2. Calculate h(f).
23
Let u(z) be the third derivative of z**5/60 + z**4/6 - z**3/3 - z**2. Suppose 5*h + 55 = 5*d, -4*h = -5*d + 48 - 0. Let w = h - -3. Give u(w).
-2
Let c(y) = -6*y**3 + y**2 - 2*y + 1. Let z(l) = l**3 - 4*l**2 - l + 5. Suppose -26*x + 12 = -23*x. Let n be z(x). Determine c(n).
-6
Let u be ((-20)/(-16))/(1/4). Suppose 0 = 5*b - 5*p + 25, -u*b + 3*p - 20 = -1. Let w(l) be the first derivative of l**4/4 + 4*l**3/3 + 3. Give w(b).
8
Let n(v) = v**3 + 2*v**2 - 4*v + 1. Let c(a) = -a**2 + 3*a + 8. Let d be c(7). Let s = d + 24. Suppose -s*p + 3 = -5*p. What is n(p)?
4
Let x(n) = n**3 + 2*n**2 - 2*n - 2. Let r be x(-2). Let z(f) = 0 - 2 + 2*f + 2 + 4. Let y(l) = -3*l - 5. Let u(a) = 3*y(a) + 4*z(a). Determine u(r).
-1
Let w(g) be the second derivative of g**7/2520 - g**6/240 + g**5/30 + g**4 - 7*g. Let h(y) be the third derivative of w(y). Determine h(4).
8
Let y(r) = -r**2 + 10*r + 15. Let x = -349 - -360. What is y(x)?
4
Suppose 4*b - 2*g = 38, 0 = -2*b - 4*g + 2*g + 22. Let l(y) = y**3 - 11*y**2 + 11*y + 4. Give l(b).
14
Let n(g) = 4*g**2 + 2*g + 3. Let w be -4 - (-4 - (4 - 6)). Let z be w/(((-30)/20)/(6/(-4))). Calculate n(z).
15
Let h(u) = -u**3 - u**2 + 2. Suppose -11*g - 1407 = 210. Let v = -149 - g. Calculate h(v).
6
Suppose 5*d = -13 + 8. Let l be (d - -1) + (-39)/13. Let c(n) = -n**2 + 2*n - 1. Give c(l).
-16
Let j(k) = k**3 + 2*k**2 + 2*k + 2. Suppose -y - 15 - 4 = 3*v, -3*v = 3. Let x = 14 + y. Determine j(x).
-2
Let p(r) be the second derivative of -2/3*r**3 + r**2 + 1/12*r**4 - 2*r + 37. Calculate p(3).
-1
Let s(g) = -20*g - g**3 + 12*g - 6*g**2 + 4*g + 0 + 1. Let p(d) = d + 2. Let k(w) = w**3 - 5*w**2 + w + 5. Let u be k(4). Let o be p(u). What is s(o)?
-4
Suppose -s + 1 = -4. Let q(g) = -7*g**3 + 21*g**2 + 4*g. Let x(u) = -3*u**3 + 9*u**2 + 3*u. Let r(k) = 2*q(k) - 5*x(k). Determine r(s).
15
Let l(f) = 198*f + 29. Let y be l(8). Let d(c) = y - 1613 - 3*c. Give d(4).
-12
Let g = -7 + 10. Let l(w) = -w - 5. Let x be l(-8). Let t(c) = 0*c + 5*c + 2*c - x - 3*c - c**2. Give t(g).
0
Suppose -7 = 3*x - 13. Let l(b) = x*b + 6*b - 4 + b**2 - 11*b + 10*b. Calculate l(-8).
4
Let v(m) = -5*m**3 + 33*m**2 + 24*m - 40. Let g(c) = 9*c**3 - 64*c**2 - 47*c + 80. Let t(x) = 6*g(x) + 11*v(x). What is t(-20)?
0
Let z(o) = -o**2 + 1. Let f be (-3 - -7) + 3/3. Suppose 13 = -4*t + 3*t + f*k, 4*k - 6 = 3*t. What is z(t)?
-3
Let f(r) be the third derivative of r**6/120 + r**5/15 - r**4/6 + r**3/3 - 65*r**2. Determine f(-5).
-3
Let b(o) = o**3 + 10*o**2 + 10*o + 12. Let u be b(-9). Let p(i) = 4*i - u*i + 6*i - 4*i - 7. Determine p(7).
14
Suppose 9 = -5*g + 14. Let l = g + -5. Let c(h) = h**2 - 2*h**2 - 4*h + 1 + 0*h**2 - 2. Give c(l).
-1
Let d(u) = 2*u - 10. Let g be d(5). Suppose g = -2*j + 3*m + 9, -2*m + 6*m + 12 = 5*j. Let o(n) = -6*n**2 - n**3 - 3*n**2 + j*n**2 + 5*n**2 + 5. What is o(-4)?
5
Suppose -3*l + 22 = 4. Suppose l*o + 18 = -0. Let a(v) = -v**2 - 3*v - 4. Calculate a(o).
-4
Let f(x) = -x**3 - 3*x**2 - 2*x - 2. Let i be 84/56*(-8)/6. What is f(i)?
-2
Let o(m) = m**2 + 18*m + 46. Let p be o(-14). Let h be 28/p - 52/(-65). Let b(v) = -v**2 - 3*v - 2. Determine b(h).
0
Let r(w) = 2*w**3 + 3*w + 9*w**2 - 4*w**2 - 7*w**2 - 4*w**3. Determine r(2).
-18
Let m(o) be the third derivative of -o**5/60 + 11*o**4/24 + o**3/3 + 7*o**2 - 24*o. Calculate m(9).
20
Let m(f) = -f - 2 + 0*f + 599*f**2 - 598*f**2. Give m(4).
10
Let c(h) be the second derivative of h**8/6720 - h**7/420 + h**6/720 + h**5/30 - 7*h**4/4 - 28*h. Let v(r) be the third derivative of c(r). Calculate v(3).
-20
Let o be (2 + -1)*(-2 + -4). Let f = 11 + o. Let g(d) = -d**3 + 6*d**2 - 7*d + 4. Determine g(f).
-6
Let k be (-36)/15 + 2/5. Let a(v) = -15*v**2 - 30*v + 37. Let n(s) = -7*s**2 - 14*s + 17. Let i(j) = 6*a(j) - 13*n(j). What is i(k)?
1
Let q(u) = u**2 + u - 15. Suppose 5*z = -54 + 29. Determine q(z).
5
Let w(n) be the third derivative of -n**6/120 + n**5/60 + n**4/12 - 2*n**3/3 + n**2 - 6. What is w(2)?
-4
Let i = -3222 - -3208. Let y(u) = -5*u - 75. Give y(i).
-5
Let t(o) = -o - 1. Let h be (6 - 2) + (-8)/8. Let c(i) = -5*i - i**h + 3 + 14*i - 6*i. Let x be c(-2). Determine t(x).
-6
Let m(j) = j - 4. Let p be -4*(-3 + (1 - -1)). Suppose -2 = p*r - 10. Suppose -r = 4*f + 10. Calculate m(f).
-7
Let j(p) be the first derivative of -1/4*p**4 + 10*p + 1/2*p**2 - 8 - 8/3*p**3. Let x be j(-8). Let o(m) = -2*m**3 + 2*m**2 + m. Give o(x).
-6
Suppose -a - a = -4, 3*j + 171 = 3*a. Let z = -54 - j. Let l(d) = 6*d**3 - d**2 + 2*d - 1. Calculate l(z).
6
Suppose 2*r + 3*r = -30. Let p(s) be the third derivative of s**4/24 - 2*s**3/3 - 21*s**2. Calculate p(r).
-10
Let u(j) = -j**3 - 4*j**2 + 12*j + 1. Suppose -133 - 35 = 28*q. What is u(q)?
1
Let z = 3 - -12. Suppose b + 5*y + z - 2 = 0, -4*y = 12. Let m(t) = b*t + 2*t + 3 - 3*t. Give m(-5).
-2
Let s = -1 + 2. Let w(v) = -v**3 - 6*v**2 + 7*v + 4. Let n(g) = 4*g + 29 - 65 + 37 - 3*g. Let x(t) = s*n(t) + w(t). Calculate x(-7).
-2
Let m(b) = b**3 - 11*b**2 - b + 9. Let g be m(11). Let n = g + 4. Let h(u) be the second derivative of -u**4/12 + u**2/2 + u. Give h(n).
-3
Let p(x) = -x**2 + 16*x - 52. Let n be p(15). Let f = n - -33. Let h(w) = w**2 + 2*w + 2. Calculate h(f).
10
Let v(p) = -26*p + 340. Let t be v(13). Let x(i) be the first derivative of 2/3*i**3 + 2*i**2 + t*i + 4. What is x(-2)?
2
Let c(r) = 2*r**3 - 2*r**2 - 11*r + 11. Suppose 7*n = -n - 48. Let a(s) = -s**3 - 5*s + 0*s**3 - s**2 + 2*s**3 + 5. Let y(o) = n*c(o) + 13*a(o). Give y(0).
-1
Let v(n) = 10*n - 123. Let m be v(12). Let w(l) = -4 + l + l**3 + l**2 + l**2 + 2*l + 3*l**2. Calculate w(m).
5
Let f(c) be the second derivative of -c**3/6 + 2*c**2 + 30*c - 1. Determine f(-8).
